{"id":1188,"date":"2025-05-22T17:22:04","date_gmt":"2025-05-22T15:22:04","guid":{"rendered":"https:\/\/www.fetamavins.cat\/?post_type=product&#038;p=1188"},"modified":"2025-12-23T10:29:25","modified_gmt":"2025-12-23T09:29:25","slug":"vermei-2024","status":"publish","type":"product","link":"https:\/\/www.fetamavins.cat\/es\/producto\/vermei-2024\/","title":{"rendered":"Vermei 2024"},"content":{"rendered":"<p style=\"font-weight: 400;\">Un vi negre de Carinyana vella i algun altre ra\u00efm negre barrejat.<\/p>\n<p>Trepitjat amb els peus, fermentat amb la rapa i curta maceraci\u00f3, per tenir una extracci\u00f3 delicada dels tanins.<\/p>\n<p>\u00c9s amable i fresc en boca, t\u00e9 aromes a fruites vermelles carnoses i herbes mediterr\u00e0nies, se\u00a0 sent c\u00f2mode a qualsevol taula amb una bona companyia (ideal per xefles). Serveix-lo fresc entre 14-16\u00baC.<\/p>\n<p>No s&#8217;ha filtrat ni afegit res perqu\u00e8 no faci p\u00f2sits, de manera que de forma natural i amb el pas del temps pot fer algun petit sediment del mateix vi dins l&#8217;ampolla.<\/p>\n<p><em>Carinyana\u00a0 \u00a0 \u00a0 \u00a0 \u00a0 \u00a0 \u00a0 \u00a0 \u00a0 \u00a0 \u00a0 \u00a0 12.5 % vol<\/em><\/p>\n<p style=\"font-weight: 400;\"><em>Maceraci\u00f3: 8 dies\u00a0 \u00a0 \u00a0 \u00a0 \u00a0 \u00a0 Sulfits totals: 20 g\/l\u00a0 \u00a0 \u00a0 <\/em><\/p>\n<p style=\"font-weight: 400;\"><em>Acidesa vol\u00e0til: \u00a00,6 g\/l\u00a0 \u00a0 <\/em><em>Acidesa t.t.: 6.4 g\/l\u00a0 \u00a0 \u00a0 \u00a0 <\/em><\/p>\n<p style=\"font-weight: 400;\"><em><span style=\"font-weight: 400;\">pH: \u00a03,30\u00a0 \u00a0 \u00a0 \u00a0 \u00a0 \u00a0 \u00a0 \u00a0 \u00a0 \u00a0 \u00a0 \u00a0 \u00a0<\/span><\/em><em>N\u00ba ampolles: \u00a0200<\/em><\/p>\n<p>&nbsp;<\/p>","protected":false},"excerpt":{"rendered":"<p>Un vi negre de Carinyana vella i algun altre ra\u00efm negre barrejat. Trepitjat amb els peus, fermentat amb la rapa i curta maceraci\u00f3, per tenir una extracci\u00f3 delicada dels tanins. \u00c9s amable i fresc en boca, t\u00e9 aromes a fruites vermelles carnoses i herbes mediterr\u00e0nies, se\u00a0 sent c\u00f2mode a qualsevol taula amb una bona companyia [&hellip;]<\/p>\n","protected":false},"featured_media":1336,"template":"","meta":[],"product_brand":[],"product_cat":[18],"product_tag":[],"class_list":{"0":"post-1188","1":"product","2":"type-product","3":"status-publish","4":"has-post-thumbnail","6":"product_cat-vins","8":"first","9":"instock","10":"taxable","11":"shipping-taxable","12":"purchasable","13":"product-type-simple"},"_links":{"self":[{"href":"https:\/\/www.fetamavins.cat\/es\/wp-json\/wp\/v2\/product\/1188","targetHints":{"allow":["GET"]}}],"collection":[{"href":"https:\/\/www.fetamavins.cat\/es\/wp-json\/wp\/v2\/product"}],"about":[{"href":"https:\/\/www.fetamavins.cat\/es\/wp-json\/wp\/v2\/types\/product"}],"wp:featuredmedia":[{"embeddable":true,"href":"https:\/\/www.fetamavins.cat\/es\/wp-json\/wp\/v2\/media\/1336"}],"wp:attachment":[{"href":"https:\/\/www.fetamavins.cat\/es\/wp-json\/wp\/v2\/media?parent=1188"}],"wp:term":[{"taxonomy":"product_brand","embeddable":true,"href":"https:\/\/www.fetamavins.cat\/es\/wp-json\/wp\/v2\/product_brand?post=1188"},{"taxonomy":"product_cat","embeddable":true,"href":"https:\/\/www.fetamavins.cat\/es\/wp-json\/wp\/v2\/product_cat?post=1188"},{"taxonomy":"product_tag","embeddable":true,"href":"https:\/\/www.fetamavins.cat\/es\/wp-json\/wp\/v2\/product_tag?post=1188"}],"curies":[{"name":"wp","href":"https:\/\/api.w.org\/{rel}","templated":true}]}}

<p style="font-weight: 400;">Un vi negre de Carinyana vella i algun altre raïm negre barrejat.</p>
<p>Trepitjat amb els peus, fermentat amb la rapa i curta maceració, per tenir una extracció delicada dels tanins.</p>
<p>És amable i fresc en boca, té aromes a fruites vermelles carnoses i herbes mediterrànies, se  sent còmode a qualsevol taula amb una bona companyia (ideal per xefles). Serveix-lo fresc entre 14-16ºC.</p>
<p>No s&#8217;ha filtrat ni afegit res perquè no faci pòsits, de manera que de forma natural i amb el pas del temps pot fer algun petit sediment del mateix vi dins l&#8217;ampolla.</p>
<p><em>Carinyana                        12.5 % vol</em></p>
<p style="font-weight: 400;"><em>Maceració: 8 dies            Sulfits totals: 20 g/l      </em></p>
<p style="font-weight: 400;"><em>Acidesa volàtil:  0,6 g/l    </em><em>Acidesa t.t.: 6.4 g/l        </em></p>
<p style="font-weight: 400;"><em><span style="font-weight: 400;">pH:  3,30                         </span></em><em>Nº ampolles:  200</em></p>
<p>&nbsp;</p>

<p>Un vi negre de Carinyana vella i algun altre raïm negre barrejat. Trepitjat amb els peus, fermentat amb la rapa i curta maceració, per tenir una extracció delicada dels tanins. És amable i fresc en boca, té aromes a fruites vermelles carnoses i herbes mediterrànies, se  sent còmode a qualsevol taula amb una bona companyia [&hellip;]</p>
