{"id":1384,"date":"2025-12-16T16:40:34","date_gmt":"2025-12-16T15:40:34","guid":{"rendered":"https:\/\/www.fetamavins.cat\/?post_type=product&#038;p=1384"},"modified":"2025-12-16T16:49:01","modified_gmt":"2025-12-16T15:49:01","slug":"tast-de-vins-i-formatges-enmig-vinya-a-vall-llobrega","status":"publish","type":"product","link":"https:\/\/www.fetamavins.cat\/es\/producto\/tast-de-vins-i-formatges-enmig-vinya-a-vall-llobrega\/","title":{"rendered":"TAST de VINS i FORMATGES enmig VINYA  a Vall-llobrega"},"content":{"rendered":"<p><span style=\"color: #ff9900;\"><strong>CAPS DE SETMANA\u00a0<\/strong><\/span><\/p>\n<p><span style=\"color: #ff9900;\"><b>de gener a abril, en horari de llum solar<\/b><\/span><\/p>\n<p>Dirigit per <strong>Marta Arenas<\/strong><\/p>\n<p class=\"cvGsUA direction-ltr align-start para-style-body\"><span class=\"a_GcMg font-feature-liga-off font-feature-clig-off font-feature-calt-off text-decoration-none text-strikethrough-none\">Fant\u00e0stica experi\u00e8ncia a la vinya.<\/span><\/p>\n<p class=\"cvGsUA direction-ltr align-start para-style-body\"><span class=\"a_GcMg font-feature-liga-off font-feature-clig-off font-feature-calt-off text-decoration-none text-strikethrough-none\">Tast de 6 vins amb filosofia de m\u00ednima intervenci\u00f3, acompanyats amb un ampli assortiment de formatges artesans de Km0.<\/span><\/p>\n<p><strong>Preu<\/strong>: 35\u20ac\/p. (m\u00ednim 8p. m\u00e0x 20p.)<\/p>\n<p><span style=\"color: #333333;\"><span style=\"color: #000000;\"><strong>Lloc:<\/strong><\/span> Vinya FetaM\u00e0 &#8211; Vall-llobrega &#8211; Girona<\/span><\/p>\n<p><strong>Important:<\/strong> Abans de formalitzar la comanda cal haver concretat personalment, el dia i hora desitjat<\/p>\n<p>&nbsp;<\/p>\n<p>&nbsp;<\/p>","protected":false},"excerpt":{"rendered":"<p>CAPS DE SETMANA\u00a0 de gener a abril, en horari de llum solar Dirigit per Marta Arenas Fant\u00e0stica experi\u00e8ncia a la vinya. Tast de 6 vins amb filosofia de m\u00ednima intervenci\u00f3, acompanyats amb un ampli assortiment de formatges artesans de Km0. Preu: 35\u20ac\/p. (m\u00ednim 8p. m\u00e0x 20p.) Lloc: Vinya FetaM\u00e0 &#8211; Vall-llobrega &#8211; Girona Important: Abans [&hellip;]<\/p>\n","protected":false},"featured_media":1385,"template":"","meta":[],"product_brand":[],"product_cat":[24],"product_tag":[],"class_list":{"0":"post-1384","1":"product","2":"type-product","3":"status-publish","4":"has-post-thumbnail","6":"product_cat-activitats","8":"first","9":"instock","10":"virtual","11":"taxable","12":"purchasable","13":"product-type-simple"},"_links":{"self":[{"href":"https:\/\/www.fetamavins.cat\/es\/wp-json\/wp\/v2\/product\/1384","targetHints":{"allow":["GET"]}}],"collection":[{"href":"https:\/\/www.fetamavins.cat\/es\/wp-json\/wp\/v2\/product"}],"about":[{"href":"https:\/\/www.fetamavins.cat\/es\/wp-json\/wp\/v2\/types\/product"}],"wp:featuredmedia":[{"embeddable":true,"href":"https:\/\/www.fetamavins.cat\/es\/wp-json\/wp\/v2\/media\/1385"}],"wp:attachment":[{"href":"https:\/\/www.fetamavins.cat\/es\/wp-json\/wp\/v2\/media?parent=1384"}],"wp:term":[{"taxonomy":"product_brand","embeddable":true,"href":"https:\/\/www.fetamavins.cat\/es\/wp-json\/wp\/v2\/product_brand?post=1384"},{"taxonomy":"product_cat","embeddable":true,"href":"https:\/\/www.fetamavins.cat\/es\/wp-json\/wp\/v2\/product_cat?post=1384"},{"taxonomy":"product_tag","embeddable":true,"href":"https:\/\/www.fetamavins.cat\/es\/wp-json\/wp\/v2\/product_tag?post=1384"}],"curies":[{"name":"wp","href":"https:\/\/api.w.org\/{rel}","templated":true}]}}

<p><span style="color: #ff9900;"><strong>CAPS DE SETMANA </strong></span></p>
<p><span style="color: #ff9900;"><b>de gener a abril, en horari de llum solar</b></span></p>
<p>Dirigit per <strong>Marta Arenas</strong></p>
<p class="cvGsUA direction-ltr align-start para-style-body"><span class="a_GcMg font-feature-liga-off font-feature-clig-off font-feature-calt-off text-decoration-none text-strikethrough-none">Fantàstica experiència a la vinya.</span></p>
<p class="cvGsUA direction-ltr align-start para-style-body"><span class="a_GcMg font-feature-liga-off font-feature-clig-off font-feature-calt-off text-decoration-none text-strikethrough-none">Tast de 6 vins amb filosofia de mínima intervenció, acompanyats amb un ampli assortiment de formatges artesans de Km0.</span></p>
<p><strong>Preu</strong>: 35€/p. (mínim 8p. màx 20p.)</p>
<p><span style="color: #333333;"><span style="color: #000000;"><strong>Lloc:</strong></span> Vinya FetaMà &#8211; Vall-llobrega &#8211; Girona</span></p>
<p><strong>Important:</strong> Abans de formalitzar la comanda cal haver concretat personalment, el dia i hora desitjat</p>
<p>&nbsp;</p>
<p>&nbsp;</p>

<p>CAPS DE SETMANA  de gener a abril, en horari de llum solar Dirigit per Marta Arenas Fantàstica experiència a la vinya. Tast de 6 vins amb filosofia de mínima intervenció, acompanyats amb un ampli assortiment de formatges artesans de Km0. Preu: 35€/p. (mínim 8p. màx 20p.) Lloc: Vinya FetaMà &#8211; Vall-llobrega &#8211; Girona Important: Abans [&hellip;]</p>
